{"id":23,"date":"2014-12-13T23:12:41","date_gmt":"2014-12-13T23:12:41","guid":{"rendered":"http:\/\/mary-roos.de\/2015\/?page_id=23"},"modified":"2025-06-03T11:41:29","modified_gmt":"2025-06-03T09:41:29","slug":"startseite","status":"publish","type":"page","link":"https:\/\/mary-roos.de\/html\/","title":{"rendered":"Startseite"},"content":{"rendered":"<h4><\/h4>\n<h4><img loading=\"lazy\" class=\"alignnone wp-image-2641 size-full\" src=\"https:\/\/mary-roos.de\/html\/wp-content\/uploads\/2022\/10\/bild_aufrecht-gehn_spiegel.jpg\" alt=\"\" width=\"900\" height=\"450\" srcset=\"https:\/\/mary-roos.de\/html\/wp-content\/uploads\/2022\/10\/bild_aufrecht-gehn_spiegel.jpg 900w, https:\/\/mary-roos.de\/html\/wp-content\/uploads\/2022\/10\/bild_aufrecht-gehn_spiegel-300x150.jpg 300w, https:\/\/mary-roos.de\/html\/wp-content\/uploads\/2022\/10\/bild_aufrecht-gehn_spiegel-768x384.jpg 768w\" sizes=\"(max-width: 900px) 100vw, 900px\" \/><\/h4>\n<h4 style=\"text-align: left;\">Aufrecht geh&#8217;n: Mein liederliches Leben<\/h4>\n<hr \/>\n<p><strong>Die Mary-Roos-Biografie, aufgezeichnet von Pe Werner. <\/strong>Mary Roos ist die vielseitigste deutsche S\u00e4ngerin, gelassen und humorvoll bewegt sie sich zwischen Schlager, Chanson und Pop. Als Kinderstar vor \u00fcber 60 Jahren das erste Mal in der \u00d6ffentlichkeit, gefeiert im Pariser Olympia, immer wieder in den Charts: Mary Roos hat geschafft, was keiner anderen deutschen K\u00fcnstlerin gelungen ist.<\/p>\n<p>Ein zweiter Karrierefr\u00fchling kam mit dem B\u00fchnenprogramm \u00abNutten, Koks und frische Erdbeeren\u00bb, und Marys Performance in \u00abSing meinen Song\u00bb begeisterte auch J\u00fcngere. Nun ver\u00f6ffentlicht sie ihre Autobiografie.<\/p>\n<p>Neben Glamour gab es aber auch im Leben von Mary Roos Schattenseiten: Zwei gescheiterte Ehen, Schmerz und Niederlagen \u2013 auch davon lie\u00df sie sich nicht den Mut nehmen. Heute ist Mary Roos eine starke Frau voller Neugier auf das, was noch kommt.<\/p>\n<p>(Textquelle: <a href=\"https:\/\/www.rowohlt.de\/buch\/mary-roos-aufrecht-geh-n-9783498002756\">Rowohlt Verlag \u2013 f\u00fcr weitere Verlagsinfos bitte hier klicken<\/a>)<\/p>\n<ul>\n<li><strong>Neueinstieg auf Platz 8 der SPIEGEL Bestseller-Liste, <\/strong><strong>Hardcover Belletristik\/Sachbuch 26.10.2022 (Nr. 44\/2022)<br \/>\n<\/strong><\/li>\n<li><strong>Buchempfehlung der stern-Redaktion \u2013 <span class=\"title__headline typo-headline1\">Biografien-Bestseller: Diese sieben B\u00fccher sollten Sie gelesen haben<br \/>\n<\/span><\/strong><span class=\"title__headline typo-headline1\"><a href=\"https:\/\/www.stern.de\/kultur\/biografien-bestseller--diese-lektuere-ist-lesenswert-32821616.html\">Hier der Link zum Artikel der stern-Redaktion<\/a><\/span><strong><span class=\"title__headline typo-headline1\"><br \/>\n<\/span><\/strong><\/li>\n<\/ul>\n<p><strong>erschienen im Rowohlt Buchverlag als gebundene Ausgabe und E-Book,<\/strong><br \/>\n256 Seiten, ISBN: 978-3-498-00275-6<\/p>\n<p><a title=\"Hier geht\u2019s zur Leseprobe von \u201eAufrecht geh\u2019n: Mein liederliches Leben\u201c!\" href=\"https:\/\/www.book2look.com\/book\/jpjTG72w7t&amp;euid=165183801&amp;ruid=165182953\" target=\"_blank\" rel=\"noopener noreferrer\"><strong>Hier geht\u2019s zur Leseprobe von \u201eAufrecht geh\u2019n: Mein liederliches Leben\u201c!<\/strong><\/a><\/p>\n<p>&nbsp;<\/p>\n<p><img loading=\"lazy\" class=\"alignnone wp-image-2749 size-full\" src=\"https:\/\/mary-roos.de\/html\/wp-content\/uploads\/2023\/09\/bild_abschiedstour.jpg\" alt=\"\" width=\"900\" height=\"450\" srcset=\"https:\/\/mary-roos.de\/html\/wp-content\/uploads\/2023\/09\/bild_abschiedstour.jpg 900w, https:\/\/mary-roos.de\/html\/wp-content\/uploads\/2023\/09\/bild_abschiedstour-300x150.jpg 300w, https:\/\/mary-roos.de\/html\/wp-content\/uploads\/2023\/09\/bild_abschiedstour-768x384.jpg 768w\" sizes=\"(max-width: 900px) 100vw, 900px\" \/><\/p>\n<h4 style=\"text-align: left;\">Mehr Nutten, mehr Koks \u2013 schei\u00df auf die Erdbeeren!<\/h4>\n<hr \/>\n<p><strong>Der zweite Teil des B\u00fchnenerfolgs mit Mary Roos und Wolfgang Trepper. <\/strong>Sie wissen ja, wie es ist: Manchmal h\u00f6ren die schlimmen Dinge einfach nicht auf. So auch hier, sie machen es wieder! Nach dem gro\u00dfen Erfolg und 150.000 Zuschauer bei \u201eNutten, Koks und frische Erdbeeren\u201c haben sich Mary Roos auf dem Altenteil und Wolfgang Trepper im Anti-Aggressionskurs so gelangweilt\u2026<\/p>\n<p>Und dann viele traurige Briefe geschrieben. Mary wollte wissen: Wie geht\u2019s eigentlich Peter Alexander, was macht denn Ibo so, wann kann Marianne Rosenberg einen F\u00fchrerschein machen? Wolfgang denkt \u00fcber alte Sachen aus dem Fernsehen nach: Wann kommt der Hustinettenb\u00e4r, wo sind die Pferde der Shiloh-Ranch geblieben und wer hat an der Uhr gedreht?<\/p>\n<p>Und dann haben sie beschlossen, Oliver Kahn hatte Recht: immer weiter, weiter, weiter! Und weil Mary die Karriere als S\u00e4ngerin ja an den Nagel geh\u00e4ngt hat, kommt sie jetzt wieder auf die B\u00fchnen der deutschen Theater zur\u00fcck.<\/p>\n<p><strong>Ende der Tour: 08.12.2024 in Duisburg<\/strong><\/p>\n<p>(Textquelle: MEWES Entertainment Group GmbH)<\/p>\n<p>&nbsp;<\/p>\n<h4 class=\"title__heading\" style=\"text-align: left;\"><span class=\"title__kicker u-typo u-typo--kicker\">Mary Roos im NDR 90,3-Podcast &#8222;Feel Hamburg&#8220; mit Daniel Kaiser<br \/>\n<\/span><\/h4>\n<hr \/>\n<p><iframe loading=\"lazy\" src=\"https:\/\/www.ardaudiothek.de\/embed\/episode\/13133949\/\" width=\"640px\" height=\"185px\" frameborder=\"0\" scrolling=\"no\"><\/iframe><\/p>\n<p>&nbsp;<\/p>\n<div class=\"title article__title\">\n<h4 class=\"title__heading\" style=\"text-align: left;\"><span class=\"title__kicker u-typo u-typo--kicker\">Mary Roos im Gespr\u00e4ch mit Barbara Sch\u00f6neberger<\/span><\/h4>\n<hr \/>\n<p class=\"title__heading\"><span class=\"title__headline u-typo u-typo--article-title\"><strong>&#8222;Ich wollte unbedingt eine schrille Alte werden. Und ich bin eine schrille Alte geworden.&#8220;<\/strong><br \/>\n<\/span>Mary Roos und Barbara \u00fcber emotionale Scherbenhaufen und ehrliche Entschuldigungen.<br \/>\nAufgezeichnet von Stephan Bartels, ver\u00f6ffentlicht im Januar 2023.<\/p>\n<\/div>\n<p><a href=\"https:\/\/www.brigitte.de\/barbara\/leben\/mary-roos--im-gespraech-mit-barbara-13454384.html\"><strong>Zum Interview auf brigitte.de \u2013 bitte hier klicken!<\/strong><\/a><\/p>\n<h4><\/h4>\n<p>&nbsp;<\/p>\n<h4 class=\"title__heading\" style=\"text-align: left;\"><span class=\"title__kicker u-typo u-typo--kicker\">Im Gespr\u00e4ch \u2013 Mary Roos auf Deutschlandfunk Kultur<\/span><\/h4>\n<hr \/>\n<p class=\"title__heading\"><span class=\"title__headline u-typo u-typo--article-title\"><strong>&#8222;Helene Fischer der Bronzezeit&#8220;<\/strong><br \/>\n<\/span>Das Interview von Katrin Heise mit Mary Roos auf Deutschlandfunk Kultur hier zum Nachh\u00f6ren.<br \/>\n(Erstausstrahlung: 24.01.2023)<\/p>\n<p><a href=\"https:\/\/www.deutschlandfunkkultur.de\/saengerin-mary-roos-helene-fischer-aus-der-bronzezeit-dlf-kultur-97feb09e-100.html\"><strong>Deutschlandfunk Kultur \u2013 Interview mit Mary Roos \u2013 bitte hier klicken!<\/strong><\/a><\/p>\n<p>&nbsp;<\/p>\n<p>&nbsp;<\/p>\n<p><img loading=\"lazy\" class=\"alignnone wp-image-2138 size-medium\" src=\"https:\/\/mary-roos.de\/html\/wp-content\/uploads\/2022\/06\/bild_abenteuer-unvernunft.jpg\" alt=\"\" width=\"900\" height=\"450\" srcset=\"https:\/\/mary-roos.de\/html\/wp-content\/uploads\/2022\/06\/bild_abenteuer-unvernunft.jpg 900w, https:\/\/mary-roos.de\/html\/wp-content\/uploads\/2022\/06\/bild_abenteuer-unvernunft-300x150.jpg 300w, https:\/\/mary-roos.de\/html\/wp-content\/uploads\/2022\/06\/bild_abenteuer-unvernunft-768x384.jpg 768w\" sizes=\"(max-width: 900px) 100vw, 900px\" \/><\/p>\n<h4 style=\"text-align: left;\">Abenteuer Unvernunft<\/h4>\n<hr \/>\n<p><strong>Das letzte Studioalbum von MARY ROOS. <\/strong>Sie gilt als die Grande Dame des deutschen Schlagers, die in den vergangenen Jahrzehnten auch \u00fcber dieses Genre hinaus der Musiklandschaft ihren Stempel aufdr\u00fccken konnte.<\/p>\n<p>Mit ihrem letzten Studioalbum \u201eAbenteuer Unvernunft\u201c im Gep\u00e4ck wird Mary Roos diesen eingeschlagenen Weg fortf\u00fchren und ihren Fans neue Songs pr\u00e4sentieren, die authentischer nicht sein k\u00f6nnten. Mary Roos liefert einmal mehr den Beweis, dass sie ein H\u00e4ndchen f\u00fcr moderne Lieder mit Tiefgang hat, ohne dabei Witz und Ironie vermissen zu lassen.<\/p>\n<p>Zum (selbstbestimmten) Ende ihrer musikalischen Karriere ist es ihr noch einmal gelungen, die Cr\u00e8me de la Cr\u00e8me der deutschen Songwriter zu versammeln. Johannes Oerding, Pe Werner, Frank Ramond, Tobias Reitz und Sven B\u00fcnger sind nur einige von vielen namhaften K\u00fcnstlern, die an diesem Album mitgewirkt haben. (Textquelle: Universal Music Group)<\/p>\n<p><iframe loading=\"lazy\" title=\"YouTube video player\" src=\"https:\/\/www.youtube.com\/embed\/Xz2YLe0sMSc\" width=\"900\" height=\"500\" frameborder=\"0\" allowfullscreen=\"allowfullscreen\"><span data-mce-type=\"bookmark\" class=\"mce_SELRES_start\">\ufeff<\/span><\/iframe><\/p>\n<p><strong>Titelliste:<\/strong><br \/>\nAm Anfang der besten Geschichten &#8211; Zu sch\u00f6n um wahr zu sein (Neuaufnahme) &#8211; Bauch und Kopf &#8211; M\u00f6glich, aber sinnlos &#8211; Sekret\u00e4rin Rita &#8211; Schweig mit mir &#8211; In deinem Schatten &#8211; Steinalte Kinder &#8211; Ich w\u00e4r bei mir geblieben &#8211; Alles muss raus &#8211; Nur die Liebe l\u00e4sst uns leben (Neuaufnahme) &#8211; Aufrecht geh&#8217;n (Neuaufnahme) &#8211; Danke ans Leben &#8211; Einmal um die Welt (Neuaufnahme, Bonustrack) &#8211; Arizona Man (Neuaufnahme, Bonustrack)<\/p>\n<p><strong>Universal Music Group \/ ELECTROLA<br \/>\nBestellnummer: 0602567482024<\/strong><\/p>\n<p><a href=\"https:\/\/www.universal-music.de\/mary-roos\/musik\/abenteuer-unvernunft-454859\">https:\/\/www.universal-music.de\/mary-roos\/musik\/abenteuer-unvernunft-454859<\/a><\/p>\n<p>&nbsp;<\/p>\n<p>&nbsp;<\/p>\n<p><img loading=\"lazy\" class=\"alignnone wp-image-2148 size-full\" src=\"https:\/\/mary-roos.de\/html\/wp-content\/uploads\/2022\/06\/bild_mary_doppel-cd.jpg\" alt=\"\" width=\"900\" height=\"450\" srcset=\"https:\/\/mary-roos.de\/html\/wp-content\/uploads\/2022\/06\/bild_mary_doppel-cd.jpg 900w, https:\/\/mary-roos.de\/html\/wp-content\/uploads\/2022\/06\/bild_mary_doppel-cd-300x150.jpg 300w, https:\/\/mary-roos.de\/html\/wp-content\/uploads\/2022\/06\/bild_mary_doppel-cd-768x384.jpg 768w\" sizes=\"(max-width: 900px) 100vw, 900px\" \/><\/p>\n<h4 style=\"text-align: left;\">MARY<\/h4>\n<hr \/>\n<p><strong>Meine Songs &#8211; Meine Originale!<\/strong><\/p>\n<p>Best-of-Doppel-CD \u2013 Pop, Schlager, Chansons, Rarit\u00e4ten. Viele Titel erstmals auf CD! Inklusive 5 Produktionen von Dieter Bohlen und den gro\u00dfen Erfolgen beim Eurovision Song Contest bzw. Grand Prix d&#8217;Eurovision de la Chanson.<\/p>\n<p>Mit &#8218;Nur die Liebe l\u00e4sst uns leben&#8216; belegte Mary Roos 1972 den dritten Platz beim Eurovision Song Contest. Dieses Doppel-Album beinhaltet ihre gro\u00dfen Hits inkl. der Original Mary Roos Songs aus der TV-Staffel &#8222;Sing meinen Song&#8220; sowie 14 Titel erstmalig auf CD! Au\u00dferdem finden sich noch die gesuchten Dieter-Bohlen-Produktionen, die bisher nur als Single erschienen sind, auf diesem Album wieder. (Textquelle: Sony Music \/ amazon.de)<\/p>\n<p><iframe loading=\"lazy\" title=\"YouTube video player\" src=\"https:\/\/www.youtube.com\/embed\/CjpqkMB66qM\" width=\"900\" height=\"500\" frameborder=\"0\" allowfullscreen=\"allowfullscreen\"><\/iframe><\/p>\n<p><strong>CD 1<\/strong><br \/>\nAufrecht geh&#8217;n &#8211; Schau&#8216; Dich nicht um &#8211; Morgens um F\u00fcnf (Amour Toujours) &#8211; Nur die Liebe l\u00e4sst uns leben &#8211; Arizona Man &#8211; Geh&#8216; nicht den Weg &#8211; Woraus meine Lieder sind (Le carillon de mon coeur) &#8211; Blauer Montag (Mais que nada) &#8211; Sing nochmal dieses Lied &#8211; Am Anfang war die Liebe &#8211; Schmetterlinge weinen nicht &#8211; When You&#8217;re Singing (Don&#8217;t Forget) &#8211; Die Liebe kommt leis (You Can&#8217;t Hurry Love) &#8211; So wie ich (Close to You) &#8211; Ein Teil von dir (For All We Know) &#8211; Kaffee und Apfelkuchen &#8211; Stop, mach\u2019 das noch einmal &#8211; Eine Liebe ist wie ein Lied &#8211; Pinocchio &#8211; Mon coeur tu bats (Dimmi Papa) &#8211; So Leb&#8216; Dein Leben (My Way) &#8211; Wann werd ich dich wiedersehen &#8211; Wake Me Early in the Morning (Nur die Liebe l\u00e4sst uns Leben)<\/p>\n<p><strong>CD 2<\/strong><br \/>\nI&#8217;ll Walk Tall (Aufrecht geh&#8217;n) &#8211; Ich bin stark nur mit dir &#8211; Keine Tr\u00e4ne tut mir leid (I Can Lose My Heart Tonight) &#8211; Einmal im Leben (One in a Million) &#8211; Bleib&#8216; wie Du bist &#8211; Ein Herz das dich liebt (One night &#8217;s not enough) &#8211; Ich werde geh&#8217;n heute Nacht (We don&#8217;t talk anymore) &#8211; Ich hab&#8216; den Glauben an dich nie verloren &#8211;\u00a0 Haben wir uns auseinandergeschwiegen &#8211; Nimm deinen Fu\u00df aus der T\u00fcr &#8211; Der Morgen danach &#8211; Zeit (Words) &#8211; Wie am ersten Tag &#8211; F\u00fcr wen ich heut&#8216; lebe &#8211; Explosion &#8211; Lieder, die wie Freunde sind &#8211; R\u00fccksicht &#8211; Sehnsucht &#8211; Leider lieb&#8216; ich Dich immer noch (Believe) &#8211; How Do You Do (Duett mit Hape Kerkeling) &#8211; Zu sch\u00f6n um wahr zu sein &#8211; Du blues et du bleu (Aufrecht geh&#8217;n)<\/p>\n<p><strong>SONY MUSIC<br \/>\nBestellnummer: <span class=\"globals-md \">0190758545721<\/span><br \/>\n<\/strong><\/p>\n<p>&nbsp;<\/p>\n<h4><a href=\"https:\/\/www.youtube.com\/channel\/UCasReoXlOCac6vXeLbEm7Iw\/playlists\"><img loading=\"lazy\" class=\"alignright wp-image-2379\" src=\"https:\/\/mary-roos.de\/html\/wp-content\/uploads\/2022\/07\/button_youtube-300x300.png\" alt=\"\" width=\"50\" height=\"50\" srcset=\"https:\/\/mary-roos.de\/html\/wp-content\/uploads\/2022\/07\/button_youtube-300x300.png 300w, https:\/\/mary-roos.de\/html\/wp-content\/uploads\/2022\/07\/button_youtube-150x150.png 150w, https:\/\/mary-roos.de\/html\/wp-content\/uploads\/2022\/07\/button_youtube.png 456w\" sizes=\"(max-width: 50px) 100vw, 50px\" \/><\/a><a href=\"https:\/\/www.instagram.com\/maryroosofficial\/\"><img loading=\"lazy\" class=\"alignnone wp-image-2378 alignright\" src=\"https:\/\/mary-roos.de\/html\/wp-content\/uploads\/2022\/07\/button_instagram-297x300.png\" alt=\"\" width=\"50\" height=\"50\" srcset=\"https:\/\/mary-roos.de\/html\/wp-content\/uploads\/2022\/07\/button_instagram-297x300.png 297w, https:\/\/mary-roos.de\/html\/wp-content\/uploads\/2022\/07\/button_instagram-150x150.png 150w, https:\/\/mary-roos.de\/html\/wp-content\/uploads\/2022\/07\/button_instagram.png 459w\" sizes=\"(max-width: 50px) 100vw, 50px\" \/><\/a><a href=\"https:\/\/www.facebook.com\/Maryroos.de\/\"><img loading=\"lazy\" class=\"alignright wp-image-2377\" src=\"https:\/\/mary-roos.de\/html\/wp-content\/uploads\/2022\/07\/button_facebook-150x150.png\" alt=\"\" width=\"50\" height=\"50\" srcset=\"https:\/\/mary-roos.de\/html\/wp-content\/uploads\/2022\/07\/button_facebook-150x150.png 150w, https:\/\/mary-roos.de\/html\/wp-content\/uploads\/2022\/07\/button_facebook-300x300.png 300w, https:\/\/mary-roos.de\/html\/wp-content\/uploads\/2022\/07\/button_facebook.png 457w\" sizes=\"(max-width: 50px) 100vw, 50px\" \/><\/a><\/h4>\n<h4><\/h4>\n","protected":false},"excerpt":{"rendered":"<p>Aufrecht geh&#8217;n: Mein liederliches Leben Die Mary-Roos-Biografie, aufgezeichnet von Pe Werner. Mary Roos ist die vielseitigste deutsche S\u00e4ngerin, gelassen und humorvoll bewegt sie sich zwischen Schlager, Chanson und Pop. Als Kinderstar vor \u00fcber 60 Jahren das erste Mal in der \u00d6ffentlichkeit, gefeiert im Pariser Olympia, immer wieder in den Charts: Mary Roos hat geschafft, was [&hellip;]<\/p>\n","protected":false},"author":1,"featured_media":0,"parent":0,"menu_order":1,"comment_status":"open","ping_status":"open","template":"","meta":[],"_links":{"self":[{"href":"https:\/\/mary-roos.de\/html\/wp-json\/wp\/v2\/pages\/23"}],"collection":[{"href":"https:\/\/mary-roos.de\/html\/wp-json\/wp\/v2\/pages"}],"about":[{"href":"https:\/\/mary-roos.de\/html\/wp-json\/wp\/v2\/types\/page"}],"author":[{"embeddable":true,"href":"https:\/\/mary-roos.de\/html\/wp-json\/wp\/v2\/users\/1"}],"replies":[{"embeddable":true,"href":"https:\/\/mary-roos.de\/html\/wp-json\/wp\/v2\/comments?post=23"}],"version-history":[{"count":36,"href":"https:\/\/mary-roos.de\/html\/wp-json\/wp\/v2\/pages\/23\/revisions"}],"predecessor-version":[{"id":2846,"href":"https:\/\/mary-roos.de\/html\/wp-json\/wp\/v2\/pages\/23\/revisions\/2846"}],"wp:attachment":[{"href":"https:\/\/mary-roos.de\/html\/wp-json\/wp\/v2\/media?parent=23"}],"curies":[{"name":"wp","href":"https:\/\/api.w.org\/{rel}","templated":true}]}}