{"id":2243,"date":"2022-07-01T09:38:06","date_gmt":"2022-07-01T07:38:06","guid":{"rendered":"https:\/\/mary-roos.de\/html\/?page_id=2243"},"modified":"2022-07-06T13:37:49","modified_gmt":"2022-07-06T11:37:49","slug":"biografie-die-90er-jahre","status":"publish","type":"page","link":"https:\/\/mary-roos.de\/html\/biografie-die-90er-jahre","title":{"rendered":"Biografie \u2013 Die 90er Jahre"},"content":{"rendered":"<p style=\"text-align: left;\"><a href=\"https:\/\/mary-roos.de\/html\/biographie\"><img loading=\"lazy\" class=\"alignnone size-full wp-image-2478\" src=\"https:\/\/mary-roos.de\/html\/wp-content\/uploads\/2022\/07\/button_anfaenge.jpg\" alt=\"\" width=\"120\" height=\"60\" \/><\/a> <a href=\"https:\/\/mary-roos.de\/html\/biografie-die-70er-jahre-teil-1\"><img loading=\"lazy\" class=\"alignnone size-full wp-image-2472\" src=\"https:\/\/mary-roos.de\/html\/wp-content\/uploads\/2022\/07\/button_70er.jpg\" alt=\"\" width=\"120\" height=\"60\" \/><\/a> <a href=\"https:\/\/mary-roos.de\/html\/biografie-die-80er-jahre-teil-1\"><img loading=\"lazy\" class=\"alignnone size-full wp-image-2473\" src=\"https:\/\/mary-roos.de\/html\/wp-content\/uploads\/2022\/07\/button_80er.jpg\" alt=\"\" width=\"120\" height=\"60\" \/><\/a> <img loading=\"lazy\" class=\"alignnone wp-image-2508 size-full\" src=\"https:\/\/mary-roos.de\/html\/wp-content\/uploads\/2022\/07\/button_90er_aktiv.jpg\" alt=\"\" width=\"120\" height=\"60\" \/> <a href=\"https:\/\/mary-roos.de\/html\/biografie-die-2000er-jahre-teil-1\"><img loading=\"lazy\" class=\"alignnone wp-image-2475 size-full\" src=\"https:\/\/mary-roos.de\/html\/wp-content\/uploads\/2022\/07\/button_2000er.jpg\" alt=\"\" width=\"120\" height=\"60\" \/><\/a> <a href=\"https:\/\/mary-roos.de\/html\/biografie-die-2010er-jahre\"><img loading=\"lazy\" class=\"alignnone size-full wp-image-2476\" src=\"https:\/\/mary-roos.de\/html\/wp-content\/uploads\/2022\/07\/button_2010er.jpg\" alt=\"\" width=\"120\" height=\"60\" \/><\/a> <a href=\"https:\/\/mary-roos.de\/html\/biografie-die-2020er-jahre\"><img loading=\"lazy\" class=\"alignnone wp-image-2477 size-full\" src=\"https:\/\/mary-roos.de\/html\/wp-content\/uploads\/2022\/07\/button_2020er.jpg\" alt=\"\" width=\"120\" height=\"60\" \/><\/a><\/p>\n<p>&nbsp;<\/p>\n<h4 style=\"text-align: left;\">Die 1990er Jahre<\/h4>\n<hr \/>\n<p>1992 endet Mary Roos&#8216; Babypause abrupt mit dem Longplayer &#8218;Alles was ich will&#8216;, den Achim Gunske, Slizzy Bob und Mary \u00fcber das junge Label DA Music verlegen lassen. Von einem Hitalbum zu sprechen w\u00e4re zwar \u00fcbertrieben, aber die CD und insbesondere die Singleauskopplung &#8218;Alles was ich will bist du&#8216; ebnen Mary erstaunlich schnell den Weg zur\u00fcck in die Medien.<\/p>\n<p>Drei Jahre sp\u00e4ter bringt das Team Gunske, Bob und Roos einen weiteren Longplayer unter dem Namen &#8218;Mehr als ein Gef\u00fchl&#8216; heraus. Die Texte der Tracks &#8211; wie u. a. &#8218;Sonne in dein Herz &#8218; &#8211; sind ausdrucksvoll, das Coverfoto gar kommt aus der Kamera Jim Raketes, f\u00fcr die Charts jedoch fehlt es den meisten Kompositionen an Potenzial.<\/p>\n<p>Gegen Mitte der 90er-Jahre finden Mary Roos und Michael Reinecke wieder zusammen. Gemeinsam mit Alexander Menke bilden sie ein festes Team, das gelegentlich durch weitere Autoren erg\u00e4nzt wird und 1996 mit einer Neuaufnahme jenes Titels an den Start geht, den Mary nach Reineckes Ansicht schon 1983 beim Grand Prix h\u00e4tte singen sollen: &#8218;R\u00fccksicht&#8216; .<\/p>\n<p>&nbsp;<\/p>\n<p><iframe loading=\"lazy\" title=\"YouTube video player\" src=\"https:\/\/www.youtube.com\/embed\/TlL2ZtASEUE?\" width=\"900\" height=\"500\" frameborder=\"0\" allowfullscreen=\"allowfullscreen\"><span data-mce-type=\"bookmark\" class=\"mce_SELRES_start\">\ufeff<\/span><\/iframe><\/p>\n<p>&nbsp;<\/p>\n<p>Mit der Single &#8218;R\u00fccksicht&#8216; und dem gleichnamigen Album (u. a. mit &#8218;Heute Nacht bin ich nicht allein&#8216; ) feiert Mary endlich ihr Comeback. Doch obwohl Mary Roos sich unvermittelt zahllosen Angeboten gegen\u00fcber sieht, nimmt sie sich Zeit, im Auftrag der Welthungerhilfe Projekte in Medellin zu betreuen.<\/p>\n<p>1998 arbeitet das Trio Roos-Reinecke-Menke bereits an einem neuen Album, als Mary gegen Ende des Jahres die deutsche Version von Chers &#8218;Believe&#8216; angeboten wird. Frau Roos muss zu ihrem Gl\u00fcck beinahe gezwungen werden. Nach anf\u00e4nglichem Z\u00f6gern kann sie sich dann aber sehr daf\u00fcr begeistern &#8218;Leider lieb ich dich immer noch&#8216; aufzunehmen. Mary macht ihre Sache so fabelhaft, dass sich die Single wochenlang in den Verkaufscharts h\u00e4lt und ihr schon kurz darauf das n\u00e4chste Angebot ins Haus flattert. Aber Mary Roos will es hinsichtlich des Coverns lieber bei einer K\u00fcr belassen und verzichtet dankend. Das Album &#8218;Mittendrin&#8216; selbst ist ein komplettes Jahr in den Deutschen Schlager-Charts vertreten und belegt, ebenso wie die Singles &#8218;Leider lieb ich dich immer noch&#8216; und &#8218;Schau dich nicht um&#8216; , wochenlang die Spitzenposition.<\/p>\n<p>&nbsp;<\/p>\n<p><iframe loading=\"lazy\" title=\"YouTube video player\" src=\"https:\/\/www.youtube.com\/embed\/onaLGGij8TY\" width=\"900\" height=\"500\" frameborder=\"0\" allowfullscreen=\"allowfullscreen\"><span style=\"display: inline-block; width: 0px; overflow: hidden; line-height: 0;\" data-mce-type=\"bookmark\" class=\"mce_SELRES_start\">\ufeff<\/span><\/iframe><\/p>\n<p>&nbsp;<\/p>\n<h4><a href=\"https:\/\/www.youtube.com\/channel\/UCasReoXlOCac6vXeLbEm7Iw\/playlists\"><img loading=\"lazy\" class=\"alignright wp-image-2379\" src=\"https:\/\/mary-roos.de\/html\/wp-content\/uploads\/2022\/07\/button_youtube-300x300.png\" alt=\"\" width=\"50\" height=\"50\" srcset=\"https:\/\/mary-roos.de\/html\/wp-content\/uploads\/2022\/07\/button_youtube-300x300.png 300w, https:\/\/mary-roos.de\/html\/wp-content\/uploads\/2022\/07\/button_youtube-150x150.png 150w, https:\/\/mary-roos.de\/html\/wp-content\/uploads\/2022\/07\/button_youtube.png 456w\" sizes=\"(max-width: 50px) 100vw, 50px\" \/><\/a><a href=\"https:\/\/www.instagram.com\/maryroosofficial\/\"><img loading=\"lazy\" class=\"alignnone wp-image-2378 alignright\" src=\"https:\/\/mary-roos.de\/html\/wp-content\/uploads\/2022\/07\/button_instagram-297x300.png\" alt=\"\" width=\"50\" height=\"50\" srcset=\"https:\/\/mary-roos.de\/html\/wp-content\/uploads\/2022\/07\/button_instagram-297x300.png 297w, https:\/\/mary-roos.de\/html\/wp-content\/uploads\/2022\/07\/button_instagram-150x150.png 150w, https:\/\/mary-roos.de\/html\/wp-content\/uploads\/2022\/07\/button_instagram.png 459w\" sizes=\"(max-width: 50px) 100vw, 50px\" \/><\/a><a href=\"https:\/\/www.facebook.com\/Maryroos.de\/\"><img loading=\"lazy\" class=\"alignright wp-image-2377\" src=\"https:\/\/mary-roos.de\/html\/wp-content\/uploads\/2022\/07\/button_facebook-150x150.png\" alt=\"\" width=\"50\" height=\"50\" srcset=\"https:\/\/mary-roos.de\/html\/wp-content\/uploads\/2022\/07\/button_facebook-150x150.png 150w, https:\/\/mary-roos.de\/html\/wp-content\/uploads\/2022\/07\/button_facebook-300x300.png 300w, https:\/\/mary-roos.de\/html\/wp-content\/uploads\/2022\/07\/button_facebook.png 457w\" sizes=\"(max-width: 50px) 100vw, 50px\" \/><\/a><\/h4>\n<h4><\/h4>\n","protected":false},"excerpt":{"rendered":"<p>&nbsp; Die 1990er Jahre 1992 endet Mary Roos&#8216; Babypause abrupt mit dem Longplayer &#8218;Alles was ich will&#8216;, den Achim Gunske, Slizzy Bob und Mary \u00fcber das junge Label DA Music verlegen lassen. Von einem Hitalbum zu sprechen w\u00e4re zwar \u00fcbertrieben, aber die CD und insbesondere die Singleauskopplung &#8218;Alles was ich will bist du&#8216; ebnen Mary [&hellip;]<\/p>\n","protected":false},"author":1,"featured_media":0,"parent":0,"menu_order":0,"comment_status":"closed","ping_status":"closed","template":"","meta":[],"_links":{"self":[{"href":"https:\/\/mary-roos.de\/html\/wp-json\/wp\/v2\/pages\/2243"}],"collection":[{"href":"https:\/\/mary-roos.de\/html\/wp-json\/wp\/v2\/pages"}],"about":[{"href":"https:\/\/mary-roos.de\/html\/wp-json\/wp\/v2\/types\/page"}],"author":[{"embeddable":true,"href":"https:\/\/mary-roos.de\/html\/wp-json\/wp\/v2\/users\/1"}],"replies":[{"embeddable":true,"href":"https:\/\/mary-roos.de\/html\/wp-json\/wp\/v2\/comments?post=2243"}],"version-history":[{"count":13,"href":"https:\/\/mary-roos.de\/html\/wp-json\/wp\/v2\/pages\/2243\/revisions"}],"predecessor-version":[{"id":2567,"href":"https:\/\/mary-roos.de\/html\/wp-json\/wp\/v2\/pages\/2243\/revisions\/2567"}],"wp:attachment":[{"href":"https:\/\/mary-roos.de\/html\/wp-json\/wp\/v2\/media?parent=2243"}],"curies":[{"name":"wp","href":"https:\/\/api.w.org\/{rel}","templated":true}]}}