{"id":2228,"date":"2022-07-01T09:22:04","date_gmt":"2022-07-01T07:22:04","guid":{"rendered":"https:\/\/mary-roos.de\/html\/?page_id=2228"},"modified":"2022-07-06T10:45:23","modified_gmt":"2022-07-06T08:45:23","slug":"biografie-die-80er-jahre-teil-1","status":"publish","type":"page","link":"https:\/\/mary-roos.de\/html\/biografie-die-80er-jahre-teil-1","title":{"rendered":"Biografie \u2013 Die 80er Jahre &#8211; Teil 1"},"content":{"rendered":"<p style=\"text-align: left;\"><a href=\"https:\/\/mary-roos.de\/html\/biographie\"><img loading=\"lazy\" class=\"alignnone size-full wp-image-2478\" src=\"https:\/\/mary-roos.de\/html\/wp-content\/uploads\/2022\/07\/button_anfaenge.jpg\" alt=\"\" width=\"120\" height=\"60\" \/><\/a> <a href=\"https:\/\/mary-roos.de\/html\/biografie-die-70er-jahre-teil-1\"><img loading=\"lazy\" class=\"alignnone size-full wp-image-2472\" src=\"https:\/\/mary-roos.de\/html\/wp-content\/uploads\/2022\/07\/button_70er.jpg\" alt=\"\" width=\"120\" height=\"60\" \/><\/a> <img loading=\"lazy\" class=\"alignnone wp-image-2504 size-full\" src=\"https:\/\/mary-roos.de\/html\/wp-content\/uploads\/2022\/07\/button_80er_aktiv.jpg\" alt=\"\" width=\"120\" height=\"60\" \/> <a href=\"https:\/\/mary-roos.de\/html\/biografie-die-90er-jahre\"><img loading=\"lazy\" class=\"alignnone wp-image-2474 size-full\" src=\"https:\/\/mary-roos.de\/html\/wp-content\/uploads\/2022\/07\/button_90er.jpg\" alt=\"\" width=\"120\" height=\"60\" \/><\/a> <a href=\"https:\/\/mary-roos.de\/html\/biografie-die-2000er-jahre-teil-1\"><img loading=\"lazy\" class=\"alignnone wp-image-2475 size-full\" src=\"https:\/\/mary-roos.de\/html\/wp-content\/uploads\/2022\/07\/button_2000er.jpg\" alt=\"\" width=\"120\" height=\"60\" \/><\/a> <a href=\"https:\/\/mary-roos.de\/html\/biografie-die-2010er-jahre\"><img loading=\"lazy\" class=\"alignnone size-full wp-image-2476\" src=\"https:\/\/mary-roos.de\/html\/wp-content\/uploads\/2022\/07\/button_2010er.jpg\" alt=\"\" width=\"120\" height=\"60\" \/><\/a> <a href=\"https:\/\/mary-roos.de\/html\/biografie-die-2020er-jahre\"><img loading=\"lazy\" class=\"alignnone wp-image-2477 size-full\" src=\"https:\/\/mary-roos.de\/html\/wp-content\/uploads\/2022\/07\/button_2020er.jpg\" alt=\"\" width=\"120\" height=\"60\" \/><\/a><\/p>\n<p>&nbsp;<\/p>\n<h4 style=\"text-align: left;\">Die 1980er Jahre \u2013 Teil 1<\/h4>\n<hr \/>\n<p>Nach der Disco- kommt Mary Roos in den fr\u00fchen 80ern zun\u00e4chst die &#8222;Neue Deutsche Welle&#8220; &#8218;ins Gehege&#8216;. Angebote auf dieses Gleis umzusteigen lehnt Mary konsequent ab. Lieber zieht sie sich zur\u00fcck bis der erste Sturm vorbei ist, verzichtet \u00fcberwiegend auf gro\u00dfe Produktionen und ver\u00f6ffentlicht hin und wieder die eine oder andere Single, wie z. B. &#8218;Hei\u00df und kalt&#8216; . Ihre Autorenliste, die sie in diesen Jahren aufstellen kann, umfasst u. a. Roland Kaiser, Michael Kunze, Werner B\u00f6hm, Michael Reinecke und Dieter Bohlen.<\/p>\n<p>&nbsp;<\/p>\n<p><iframe loading=\"lazy\" title=\"YouTube video player\" src=\"https:\/\/www.youtube.com\/embed\/mZg-uCkn1mg\" width=\"900\" height=\"500\" frameborder=\"0\" allowfullscreen=\"allowfullscreen\"><\/iframe><\/p>\n<p>&nbsp;<\/p>\n<p>Zu Beginn der 80er ist es wieder der Grand Prix bei dem Mary verst\u00e4rkt zur Geltung kommt. 1982 singt sie in M\u00fcnchen im Duett mit David Hanselmann den von Werner B\u00f6hm komponierten Beitrag &#8218;Lady&#8216;, mit dem das Duo zu den Kritikerlieblingen geh\u00f6rt. Landen k\u00f6nnen sie jedoch nur auf dem sechsten Platz und lassen Nicole (&#8218;Mary Roos und David Hanselmann mit Lady waren klasse, ein sch\u00f6nes Lied &#8211; aber zu kompliziert f\u00fcr den Grand Prix&#8216;) den deutschen und den internationalen Contest jenes Jahres gewinnen. Die Offerte, ein Jahr sp\u00e4ter mit &#8218;R\u00fccksicht&#8216; erneut in M\u00fcnchen anzutreten, muss Mary ablehnen.<\/p>\n<p>&nbsp;<\/p>\n<p><iframe loading=\"lazy\" title=\"YouTube video player\" src=\"https:\/\/www.youtube.com\/embed\/8E7wkkZx91I\" width=\"900\" height=\"500\" frameborder=\"0\" allowfullscreen=\"allowfullscreen\"><\/iframe><\/p>\n<p>&nbsp;<\/p>\n<p>Das n\u00e4chste Angebot von Michael Reinecke nimmt Mary Roos 1984 jedoch an und wird mit &#8218;Aufrecht geh&#8217;n&#8216; bei der deutschen Vorausscheidung vorstellig. Nach 12 Jahren ersingt sie sich in M\u00fcnchen \u00fcberlegen ihre zweite Fahrkarte zum internationalen Songcontest. Alle Hoffnungen ruhen zuversichtlich auf Reineckes und Kunzes Wunschinterpretin, aber das Schicksal will es anders&#8230;<\/p>\n<p><a href=\"https:\/\/mary-roos.de\/html\/biografie-die-80er-jahre-teil-2\"><strong>Die 1980er Jahre \u2013 Teil 2<\/strong><\/a><\/p>\n<h4><a href=\"https:\/\/www.youtube.com\/channel\/UCasReoXlOCac6vXeLbEm7Iw\/playlists\"><img loading=\"lazy\" class=\"alignright wp-image-2379\" src=\"https:\/\/mary-roos.de\/html\/wp-content\/uploads\/2022\/07\/button_youtube-300x300.png\" alt=\"\" width=\"50\" height=\"50\" srcset=\"https:\/\/mary-roos.de\/html\/wp-content\/uploads\/2022\/07\/button_youtube-300x300.png 300w, https:\/\/mary-roos.de\/html\/wp-content\/uploads\/2022\/07\/button_youtube-150x150.png 150w, https:\/\/mary-roos.de\/html\/wp-content\/uploads\/2022\/07\/button_youtube.png 456w\" sizes=\"(max-width: 50px) 100vw, 50px\" \/><\/a><a href=\"https:\/\/www.instagram.com\/maryroosofficial\/\"><img loading=\"lazy\" class=\"alignnone wp-image-2378 alignright\" src=\"https:\/\/mary-roos.de\/html\/wp-content\/uploads\/2022\/07\/button_instagram-297x300.png\" alt=\"\" width=\"50\" height=\"50\" srcset=\"https:\/\/mary-roos.de\/html\/wp-content\/uploads\/2022\/07\/button_instagram-297x300.png 297w, https:\/\/mary-roos.de\/html\/wp-content\/uploads\/2022\/07\/button_instagram-150x150.png 150w, https:\/\/mary-roos.de\/html\/wp-content\/uploads\/2022\/07\/button_instagram.png 459w\" sizes=\"(max-width: 50px) 100vw, 50px\" \/><\/a><a href=\"https:\/\/www.facebook.com\/Maryroos.de\/\"><img loading=\"lazy\" class=\"alignright wp-image-2377\" src=\"https:\/\/mary-roos.de\/html\/wp-content\/uploads\/2022\/07\/button_facebook-150x150.png\" alt=\"\" width=\"50\" height=\"50\" srcset=\"https:\/\/mary-roos.de\/html\/wp-content\/uploads\/2022\/07\/button_facebook-150x150.png 150w, https:\/\/mary-roos.de\/html\/wp-content\/uploads\/2022\/07\/button_facebook-300x300.png 300w, https:\/\/mary-roos.de\/html\/wp-content\/uploads\/2022\/07\/button_facebook.png 457w\" sizes=\"(max-width: 50px) 100vw, 50px\" \/><\/a><\/h4>\n<h4><\/h4>\n","protected":false},"excerpt":{"rendered":"<p>&nbsp; Die 1980er Jahre \u2013 Teil 1 Nach der Disco- kommt Mary Roos in den fr\u00fchen 80ern zun\u00e4chst die &#8222;Neue Deutsche Welle&#8220; &#8218;ins Gehege&#8216;. Angebote auf dieses Gleis umzusteigen lehnt Mary konsequent ab. Lieber zieht sie sich zur\u00fcck bis der erste Sturm vorbei ist, verzichtet \u00fcberwiegend auf gro\u00dfe Produktionen und ver\u00f6ffentlicht hin und wieder die [&hellip;]<\/p>\n","protected":false},"author":1,"featured_media":0,"parent":0,"menu_order":0,"comment_status":"closed","ping_status":"closed","template":"","meta":[],"_links":{"self":[{"href":"https:\/\/mary-roos.de\/html\/wp-json\/wp\/v2\/pages\/2228"}],"collection":[{"href":"https:\/\/mary-roos.de\/html\/wp-json\/wp\/v2\/pages"}],"about":[{"href":"https:\/\/mary-roos.de\/html\/wp-json\/wp\/v2\/types\/page"}],"author":[{"embeddable":true,"href":"https:\/\/mary-roos.de\/html\/wp-json\/wp\/v2\/users\/1"}],"replies":[{"embeddable":true,"href":"https:\/\/mary-roos.de\/html\/wp-json\/wp\/v2\/comments?post=2228"}],"version-history":[{"count":15,"href":"https:\/\/mary-roos.de\/html\/wp-json\/wp\/v2\/pages\/2228\/revisions"}],"predecessor-version":[{"id":2507,"href":"https:\/\/mary-roos.de\/html\/wp-json\/wp\/v2\/pages\/2228\/revisions\/2507"}],"wp:attachment":[{"href":"https:\/\/mary-roos.de\/html\/wp-json\/wp\/v2\/media?parent=2228"}],"curies":[{"name":"wp","href":"https:\/\/api.w.org\/{rel}","templated":true}]}}