{"id":1724,"date":"2018-04-17T18:41:45","date_gmt":"2018-04-17T16:41:45","guid":{"rendered":"http:\/\/mary-roos.eu\/html\/?page_id=1724"},"modified":"2026-01-21T18:46:02","modified_gmt":"2026-01-21T17:46:02","slug":"tickets","status":"publish","type":"page","link":"https:\/\/mary-roos.de\/html\/tickets","title":{"rendered":"Termine &#038; Tickets"},"content":{"rendered":"<p><img loading=\"lazy\" class=\"alignnone wp-image-2749 size-full\" src=\"https:\/\/mary-roos.de\/html\/wp-content\/uploads\/2023\/09\/bild_abschiedstour.jpg\" alt=\"\" width=\"900\" height=\"450\" srcset=\"https:\/\/mary-roos.de\/html\/wp-content\/uploads\/2023\/09\/bild_abschiedstour.jpg 900w, https:\/\/mary-roos.de\/html\/wp-content\/uploads\/2023\/09\/bild_abschiedstour-300x150.jpg 300w, https:\/\/mary-roos.de\/html\/wp-content\/uploads\/2023\/09\/bild_abschiedstour-768x384.jpg 768w\" sizes=\"(max-width: 900px) 100vw, 900px\" \/><\/p>\n<h4 style=\"text-align: left;\">Mehr Nutten, mehr Koks &#8211; schei\u00df auf die Erdbeeren \u2013 Die ABSCHIEDSTOUR<\/h4>\n<hr \/>\n<p>Nach dem gro\u00dfen Erfolg und 150.000 Zuschauern bei \u201eNutten, Koks und frische Erdbeeren\u201c haben sich die Grande Dame des Schlagers Mary Roos und der K\u00f6nig des Verrisses Wolfgang Trepper dazu entschieden, wieder gemeinsam auf Tour zu gehen. Die Fortsetzung des Erfolgsprogramms der Theaterb\u00fchne hei\u00dft nun folgerichtig: MEHR NUTTEN, MEHR KOKS \u2013 SCHEISS AUF DIE ERDBEEREN! Es gibt noch so viel Neues aus Hitparade und Disco zu erz\u00e4hlen, die alten Zeiten liegen wieder aufgeschlagen da und auch was neu ist, bekommt sein Fett weg.<\/p>\n<p>F\u00fcr weitere News und Updates folge uns bei Facebook unter <a href=\"http:\/\/www.facebook.com\/nuttenkoksundfrischeerdbeeren\"><strong>www.facebook.com\/nuttenkoksundfrischeerdbeeren<\/strong><\/a> oder besucht uns online unter <strong><a href=\"http:\/\/www.nuttenkoksundfrischeerdbeeren.de\">www.nuttenkoksundfrischeerdbeeren.de<\/a><\/strong> und <strong><a href=\"http:\/\/www.kuenstlershow.de\/konzerte\/mehr-nutten-mehr-koks\">www.kuenstlershow.de\/konzerte\/mehr-nutten-mehr-koks<\/a>.<\/strong><\/p>\n<p style=\"text-align: left;\">Die Abschiedstour wurde 2024 beendet.<strong><br \/>\n<\/strong><\/p>\n<p style=\"text-align: left;\"><strong>\u00a0<\/strong><\/p>\n<p>&nbsp;<\/p>\n<p><img loading=\"lazy\" class=\"alignnone wp-image-2641 size-full\" src=\"https:\/\/mary-roos.de\/html\/wp-content\/uploads\/2022\/10\/bild_aufrecht-gehn_spiegel.jpg\" alt=\"\" width=\"900\" height=\"450\" srcset=\"https:\/\/mary-roos.de\/html\/wp-content\/uploads\/2022\/10\/bild_aufrecht-gehn_spiegel.jpg 900w, https:\/\/mary-roos.de\/html\/wp-content\/uploads\/2022\/10\/bild_aufrecht-gehn_spiegel-300x150.jpg 300w, https:\/\/mary-roos.de\/html\/wp-content\/uploads\/2022\/10\/bild_aufrecht-gehn_spiegel-768x384.jpg 768w\" sizes=\"(max-width: 900px) 100vw, 900px\" \/><\/p>\n<h4 style=\"text-align: left;\">Aufrecht geh&#8217;n \u2013 Mein liederliches Leben \u2013 Termine zur Lesereise<\/h4>\n<hr \/>\n<p style=\"text-align: left;\">Termine werden bekanntgegeben<\/p>\n<p>&nbsp;<\/p>\n<p>&nbsp;<\/p>\n<h4 style=\"text-align: left;\">Termine \u2013 TV &amp; H\u00f6rfunk<\/h4>\n<hr \/>\n<p><strong>TV<\/strong><\/p>\n<ul>\n<li>K\u00d6LNER TREFF | 23. Januar 2026, 22.00 &#8211; 00.00 Uhr | WDR<\/li>\n<li>K\u00d6LNER TREFF | 25. Januar 2026, 08.30 &#8211; 10.30 Uhr | WDR (Wdh. vom 23. Januar)<\/li>\n<\/ul>\n<div class=\"con\">\n<div class=\"modCon\">\n<div class=\"mod modA modParagraph\">\n<div class=\"boxCon\">\n<div class=\"box\">\n<p class=\"einleitung small\">Susan Link und Anna Planken begr\u00fc\u00dfen im K\u00f6lner Treff den Musiker Tim Bendzko, die S\u00e4ngerin Mary Roos, die Schauspieler Julius Weckauf und Charles Brauer und die Schauspielerin Nilam Farooq. Au\u00dferdem zu Gast sind Annika und Stefan Gro\u00df.<\/p>\n<\/div>\n<\/div>\n<\/div>\n<\/div>\n<\/div>\n<p><strong>Rundfunk<\/strong><\/p>\n<ul>\n<li>K\u00d6LNER TREFF bei WDR 5 | 25. Januar 2026, 20.03 &#8211; 21.00 Uhr | WDR 5 (Radio-Version vom 23. Januar)<\/li>\n<\/ul>\n<p>&nbsp;<\/p>\n<h4><a href=\"https:\/\/www.youtube.com\/channel\/UCasReoXlOCac6vXeLbEm7Iw\/playlists\"><img loading=\"lazy\" class=\"alignright wp-image-2379\" src=\"https:\/\/mary-roos.de\/html\/wp-content\/uploads\/2022\/07\/button_youtube-300x300.png\" alt=\"\" width=\"50\" height=\"50\" srcset=\"https:\/\/mary-roos.de\/html\/wp-content\/uploads\/2022\/07\/button_youtube-300x300.png 300w, https:\/\/mary-roos.de\/html\/wp-content\/uploads\/2022\/07\/button_youtube-150x150.png 150w, https:\/\/mary-roos.de\/html\/wp-content\/uploads\/2022\/07\/button_youtube.png 456w\" sizes=\"(max-width: 50px) 100vw, 50px\" \/><\/a><a href=\"https:\/\/www.instagram.com\/maryroosofficial\/\"><img loading=\"lazy\" class=\"alignnone wp-image-2378 alignright\" src=\"https:\/\/mary-roos.de\/html\/wp-content\/uploads\/2022\/07\/button_instagram-297x300.png\" alt=\"\" width=\"50\" height=\"50\" srcset=\"https:\/\/mary-roos.de\/html\/wp-content\/uploads\/2022\/07\/button_instagram-297x300.png 297w, https:\/\/mary-roos.de\/html\/wp-content\/uploads\/2022\/07\/button_instagram-150x150.png 150w, https:\/\/mary-roos.de\/html\/wp-content\/uploads\/2022\/07\/button_instagram.png 459w\" sizes=\"(max-width: 50px) 100vw, 50px\" \/><\/a><a href=\"https:\/\/www.facebook.com\/Maryroos.de\/\"><img loading=\"lazy\" class=\"alignright wp-image-2377\" src=\"https:\/\/mary-roos.de\/html\/wp-content\/uploads\/2022\/07\/button_facebook-150x150.png\" alt=\"\" width=\"50\" height=\"50\" srcset=\"https:\/\/mary-roos.de\/html\/wp-content\/uploads\/2022\/07\/button_facebook-150x150.png 150w, https:\/\/mary-roos.de\/html\/wp-content\/uploads\/2022\/07\/button_facebook-300x300.png 300w, https:\/\/mary-roos.de\/html\/wp-content\/uploads\/2022\/07\/button_facebook.png 457w\" sizes=\"(max-width: 50px) 100vw, 50px\" \/><\/a><\/h4>\n<h4><\/h4>\n","protected":false},"excerpt":{"rendered":"<p>Mehr Nutten, mehr Koks &#8211; schei\u00df auf die Erdbeeren \u2013 Die ABSCHIEDSTOUR Nach dem gro\u00dfen Erfolg und 150.000 Zuschauern bei \u201eNutten, Koks und frische Erdbeeren\u201c haben sich die Grande Dame des Schlagers Mary Roos und der K\u00f6nig des Verrisses Wolfgang Trepper dazu entschieden, wieder gemeinsam auf Tour zu gehen. Die Fortsetzung des Erfolgsprogramms der Theaterb\u00fchne [&hellip;]<\/p>\n","protected":false},"author":1,"featured_media":0,"parent":0,"menu_order":0,"comment_status":"closed","ping_status":"closed","template":"","meta":[],"_links":{"self":[{"href":"https:\/\/mary-roos.de\/html\/wp-json\/wp\/v2\/pages\/1724"}],"collection":[{"href":"https:\/\/mary-roos.de\/html\/wp-json\/wp\/v2\/pages"}],"about":[{"href":"https:\/\/mary-roos.de\/html\/wp-json\/wp\/v2\/types\/page"}],"author":[{"embeddable":true,"href":"https:\/\/mary-roos.de\/html\/wp-json\/wp\/v2\/users\/1"}],"replies":[{"embeddable":true,"href":"https:\/\/mary-roos.de\/html\/wp-json\/wp\/v2\/comments?post=1724"}],"version-history":[{"count":247,"href":"https:\/\/mary-roos.de\/html\/wp-json\/wp\/v2\/pages\/1724\/revisions"}],"predecessor-version":[{"id":2856,"href":"https:\/\/mary-roos.de\/html\/wp-json\/wp\/v2\/pages\/1724\/revisions\/2856"}],"wp:attachment":[{"href":"https:\/\/mary-roos.de\/html\/wp-json\/wp\/v2\/media?parent=1724"}],"curies":[{"name":"wp","href":"https:\/\/api.w.org\/{rel}","templated":true}]}}